{"id":988,"date":"2021-05-16T16:55:08","date_gmt":"2021-05-16T14:55:08","guid":{"rendered":"https:\/\/test.pvcoss.ch\/?page_id=988"},"modified":"2021-05-24T10:16:39","modified_gmt":"2021-05-24T08:16:39","slug":"inf-participation","status":"publish","type":"page","link":"https:\/\/test.pvcoss.ch\/index.php\/inf-participation\/","title":{"rendered":"Infos participation"},"content":{"rendered":"\n<p id=\"block-ea8cbf6c-48a0-4886-ab53-0fe3a298f8b7\"><strong>Comment faire pour participer au Passeport Vacances de Cossonay?<\/strong><\/p>\n\n\n<ol>\n<li>Je lis les<strong> 8 r\u00e8gles de participation<\/strong> ci-dessous:\n<ul>\n<li>J&rsquo;ai entre 8 et 16 ans<\/li>\n<li>Je respecte le d\u00e9lai d\u2019inscription<\/li>\n<li>J&rsquo;ai ma propre assurance<\/li>\n<li>Je m&rsquo;engage \u00e0 participer aux activit\u00e9s attribu\u00e9es (en cas d\u2019emp\u00eachement, contacter la permanence t\u00e9l\u00e9phonique d\u00e8s la semaine avant le passeport au 076\/814.61.28)<\/li>\n<li>Je m&rsquo;engage \u00e0 \u00eatre \u00e0 l\u2019heure aux rendez-vous, que je sois un enfant ou un adulte. Le groupe n\u2019attend pas (ni au d\u00e9part, ni au retour)<\/li>\n<li>Je consulte la liste des participants \u00e0 l\u2019activit\u00e9 afin de faciliter les d\u00e9placements<\/li>\n<li>Je prends un r\u00e9hausseur en cas de transport par un tiers (si je mesure moins de 150cm)<\/li>\n<\/ul>\n<\/li>\n<\/ol>\n<p style=\"text-align: left;\">\u00a0 \u00a0 \u00a0 \u00a0\u00a0 Vous pouvez acheter le Passeport Vacances en cliquant sur ce lien\u00a0 \u00a0 \u00a0 \u00a0 \u00a0 \u00a0 \u00a0\u00a0 <strong><a href=\"https:\/\/test.pvcoss.ch\/index.php\/achat-du-passeport\/\" data-type=\"page\">\u00a0\u00a0\u00a0\u00a0\u00a0\u00a0 \u00a0 <\/a><\/strong><\/p>\n<p style=\"text-align: left;\"><strong><a href=\"https:\/\/test.pvcoss.ch\/index.php\/achat-du-passeport\/\" data-type=\"page\">\u00a0\u00a0\u00a0\u00a0\u00a0\u00a0\u00a0\u00a0 Comment acheter le Passeport Vacances?<\/a><\/strong><\/p>\n<p>\u00a0\u00a0\u00a0\u00a0\u00a0 2. Je lis les consignes <a href=\"https:\/\/test.pvcoss.ch\/index.php\/inscription-aux-activites-2\/\"><strong>\u00ab\u00a0comment m&rsquo;inscrire aux activit\u00e9s\u00a0\u00bb<\/strong><\/a> avec mes parents<\/p>\n<p>Nous avons besoin d&rsquo;accompagnants sans qui les activit\u00e9s ne peuvent avoir lieu.<br data-rich-text-line-break=\"true\" \/>Vous avez un peu de temps ?<a href=\"https:\/\/test.pvcoss.ch\/index.php\/accompagnateurs-et-organisateurs\/\"> Tous les renseignements figurent ici.<\/a><\/p>\n\n\n<p><\/p>\n","protected":false},"excerpt":{"rendered":"<p>Comment faire pour participer au Passeport Vacances de Cossonay? Je lis les 8 r\u00e8gles de participation ci-dessous: J&rsquo;ai entre 8 et 16 ans Je respecte le d\u00e9lai d\u2019inscription J&rsquo;ai ma propre assurance Je m&rsquo;engage \u00e0 participer aux activit\u00e9s attribu\u00e9es (en &hellip; <a href=\"https:\/\/test.pvcoss.ch\/index.php\/inf-participation\/\">Continuer la lecture <span class=\"meta-nav\">&rarr;<\/span><\/a><\/p>\n","protected":false},"author":2,"featured_media":0,"parent":0,"menu_order":0,"comment_status":"closed","ping_status":"closed","template":"","meta":[],"_links":{"self":[{"href":"https:\/\/test.pvcoss.ch\/index.php\/wp-json\/wp\/v2\/pages\/988"}],"collection":[{"href":"https:\/\/test.pvcoss.ch\/index.php\/wp-json\/wp\/v2\/pages"}],"about":[{"href":"https:\/\/test.pvcoss.ch\/index.php\/wp-json\/wp\/v2\/types\/page"}],"author":[{"embeddable":true,"href":"https:\/\/test.pvcoss.ch\/index.php\/wp-json\/wp\/v2\/users\/2"}],"replies":[{"embeddable":true,"href":"https:\/\/test.pvcoss.ch\/index.php\/wp-json\/wp\/v2\/comments?post=988"}],"version-history":[{"count":14,"href":"https:\/\/test.pvcoss.ch\/index.php\/wp-json\/wp\/v2\/pages\/988\/revisions"}],"predecessor-version":[{"id":1131,"href":"https:\/\/test.pvcoss.ch\/index.php\/wp-json\/wp\/v2\/pages\/988\/revisions\/1131"}],"wp:attachment":[{"href":"https:\/\/test.pvcoss.ch\/index.php\/wp-json\/wp\/v2\/media?parent=988"}],"curies":[{"name":"wp","href":"https:\/\/api.w.org\/{rel}","templated":true}]}}