{"id":992,"date":"2021-05-16T17:07:44","date_gmt":"2021-05-16T15:07:44","guid":{"rendered":"https:\/\/test.pvcoss.ch\/?page_id=992"},"modified":"2021-05-21T18:42:47","modified_gmt":"2021-05-21T16:42:47","slug":"inscription-aux-activites-2","status":"publish","type":"page","link":"https:\/\/test.pvcoss.ch\/index.php\/inscription-aux-activites-2\/","title":{"rendered":"Inscription aux activit\u00e9s"},"content":{"rendered":"\n<h1 class=\"wp-block-heading\" id=\"block-a0b7d646-8e3d-4e82-b445-6267da734fed\"><strong>Par l&rsquo;inscription aux activit\u00e9s,<\/strong><\/h1>\n\n\n\n<ul><li> les parents autorisent leur enfant \u00e0 prendre part au Passeport Vacances, tout en sachant que certaines activit\u00e9s comportent des risques et que notre Association d\u00e9cline express\u00e9ment toute pr\u00e9tention pour des l\u00e9sions corporelles ou dommages mat\u00e9riels qui pourraient \u00eatre caus\u00e9s \u00e0 leur enfant \u00e0 l\u2019occasion de sa participation aux activit\u00e9s.<\/li><\/ul>\n\n\n\n<ul><li>les parents confirment \u00e9galement que leur enfant est bien assur\u00e9 en cas d\u2019accidents et que ce dernier est couvert par une assurance RC pour les dommages qu\u2019il pourrait causer.<\/li><\/ul>\n\n\n\n<ul><li>les parents valident le choix des activit\u00e9s fait par l&rsquo;enfant.<\/li><\/ul>\n\n\n\n<p id=\"block-d2a0cc76-1d40-4b0e-b5be-d927c1f62c39\">Pour avoir jusqu&rsquo;\u00e0 5 activit\u00e9s dans la semaine, <strong>il faut faire au moins 2 choix par jour<\/strong>.<br><strong>Il n&rsquo;est plus n\u00e9cessaire de nous envoyer le bulletin d&rsquo;inscription, la validation des activit\u00e9s sur internet suffit.<\/strong><\/p>\n\n\n\n<p id=\"block-86137367-0d14-427f-bec9-93b6e778e221\">Remarque : en cas de non respect des consignes ci dessus, le comit\u00e9 se d\u00e9charge de toute intervention.<\/p>\n\n\n\n<p id=\"block-e91855b1-9844-4075-94f1-3b04be971769\"><a rel=\"noreferrer noopener\" href=\"https:\/\/pv.farfadet.ch\/cossonay\/indexenfant.asp\" target=\"_blank\"><strong>Cliquez ici pour acc\u00e9der \u00e0 l&rsquo;inscription aux activit\u00e9s.<\/strong><\/a><\/p>\n\n\n\n<p>Vous souhaitez d\u00e9couvrir le Passeport Vacances avec votre enfant? <a rel=\"noreferrer noopener\" href=\"https:\/\/test.pvcoss.ch\/wp-content\/uploads\/2021\/05\/bulletin_acc.pdf\" target=\"_blank\">Inscrivez-vous ici<\/a> et envoyer votre inscription avant mi septembre \u00e0 : <a href=\"mailto:secretariat@pvcoss.ch\" data-type=\"mailto\" data-id=\"mailto:secretariat@pvcoss.ch\">secretariat@pvcoss.ch<\/a><\/p>\n","protected":false},"excerpt":{"rendered":"<p>Par l&rsquo;inscription aux activit\u00e9s, les parents autorisent leur enfant \u00e0 prendre part au Passeport Vacances, tout en sachant que certaines activit\u00e9s comportent des risques et que notre Association d\u00e9cline express\u00e9ment toute pr\u00e9tention pour des l\u00e9sions corporelles ou dommages mat\u00e9riels qui &hellip; <a href=\"https:\/\/test.pvcoss.ch\/index.php\/inscription-aux-activites-2\/\">Continuer la lecture <span class=\"meta-nav\">&rarr;<\/span><\/a><\/p>\n","protected":false},"author":2,"featured_media":0,"parent":0,"menu_order":0,"comment_status":"closed","ping_status":"closed","template":"","meta":[],"_links":{"self":[{"href":"https:\/\/test.pvcoss.ch\/index.php\/wp-json\/wp\/v2\/pages\/992"}],"collection":[{"href":"https:\/\/test.pvcoss.ch\/index.php\/wp-json\/wp\/v2\/pages"}],"about":[{"href":"https:\/\/test.pvcoss.ch\/index.php\/wp-json\/wp\/v2\/types\/page"}],"author":[{"embeddable":true,"href":"https:\/\/test.pvcoss.ch\/index.php\/wp-json\/wp\/v2\/users\/2"}],"replies":[{"embeddable":true,"href":"https:\/\/test.pvcoss.ch\/index.php\/wp-json\/wp\/v2\/comments?post=992"}],"version-history":[{"count":6,"href":"https:\/\/test.pvcoss.ch\/index.php\/wp-json\/wp\/v2\/pages\/992\/revisions"}],"predecessor-version":[{"id":1109,"href":"https:\/\/test.pvcoss.ch\/index.php\/wp-json\/wp\/v2\/pages\/992\/revisions\/1109"}],"wp:attachment":[{"href":"https:\/\/test.pvcoss.ch\/index.php\/wp-json\/wp\/v2\/media?parent=992"}],"curies":[{"name":"wp","href":"https:\/\/api.w.org\/{rel}","templated":true}]}}